 = -13*c**2 - 4*c + c + 4*c + 11 + c**3. What is the remainder when q(u) is divided by 13?
11
Suppose 5*n = -4*q + 141, -4*q = -5*n - q + 113. Let o = n + -12. Calculate the remainder when 62 is divided by o.
10
Suppose -c = -2*c + 2*d - 5, 4*d = -8. Let r(l) = l**3 + 10*l**2 + 3*l - 1. Calculate the remainder when r(c) is divided by 14.
11
Let a = 10 - 7. Suppose 4 = -5*j - 0*b + 2*b, -j - 4*b = -8. Suppose -a*s + 27 = -y, -3*y + 1 + 8 = j. Calculate the remainder when 29 is divided by s.
9
Suppose 0 = -4*c + 22 + 34. Let r = 78 - 150. Let v = r - -125. Calculate the remainder when v is divided by c.
11
Let z = 20 - 5. Suppose -199 = -5*r - 64. What is the remainder when r is divided by z?
12
Let u = 917 + -921. Let t(w) be the first derivative of -25*w**2/2 - 7*w + 1. Calculate the remainder when t(u) is divided by 16.
13
Let s be 230/15 - 4/(-6). Let y = s - 11. Suppose 14 = 3*q + y. What is the remainder when 8 is divided by q?
2
Let a be (-370)/(-8) - (-2)/(-8). Let x = 47 - a. What is the remainder when 3 is divided by x?
0
Let y be -2 - (-8 - -3) - 2. Let q(s) = 17*s. Let h be q(y). Let g = 31 - h. What is the remainder when 25 is divided by g?
11
Suppose 78*j - 82*j = -628. What is the remainder when j is divided by 26?
1
What is the remainder when 456 is divided by 68/51 + 52/6?
6
Let m(f) = 14*f**2 + 4*f + 9. Calculate the remainder when m(-2) is divided by 22.
13
Let f = -99 + 146. Let w = -30 + f. Calculate the remainder when 2/2*(-168)/(-2) is divided by w.
16
Suppose 79 = 2*t - 25. Let b(y) = y**3 + y**2. Let a be b(4). Let q = a - t. What is the remainder when 110 is divided by q?
26
Let n(g) = -5*g + 3. Let w be n(0). Suppose -w*s - 72 = -9*s. What is the remainder when 33 is divided by s?
9
Suppose 4*b = 3*f - 4*f + 35, 0 = 4*f + 5*b - 96. Suppose 3*j + 11 + 2 = 5*h, 4*h = 2*j + 10. What is the remainder when f is divided by 1 + -2 + 11 + h?
7
Let h = 26 + -15. Let c(g) = 3*g**3 + g**2 + 7*g + 8. Calculate the remainder when c(3) is divided by h.
9
Let t = 9 + -16. Let m = t + 10. Suppose -5*k = 0, -2*k = -x + m*k + 48. Calculate the remainder when x is divided by 17.
14
Let j(s) = 5*s + 12. Let c be j(-2). Suppose 5*h + 68 = 5*k - 62, c*h = -4*k + 122. What is the remainder when 86 is divided by k?
28
Let o be (-57)/9 + (-2)/(-6). Let t(n) = 143 - 141 - 7*n**2 - 4*n**3 - 7*n + 3*n**3. Calculate the remainder when 11 is divided by t(o).
3
Let m(o) = -o**3 - 7*o**2 - 6*o + 10. Calculate the remainder when m(-7) is divided by 5.
2
What is the remainder when (0 - -1)/((-2)/(-34)) is divided by (4*3/24)/((-2)/(-20))?
2
Suppose u + 0*u - 21 = 0. Let r = 1318 - 1237. Calculate the remainder when r is divided by u.
18
Let u(z) = -6*z. Let k(b) = -6*b + 1. Let t(a) = 4*k(a) - 6*u(a). Calculate the remainder when t(4) is divided by (-1)/(-3)*(-594)/(-11).
16
Let a(x) = x**3 + 14*x**2 + 14*x - 8. Let h be a(-13). Let r = 66 - h. Suppose -15 - r = -3*n. Calculate the remainder when n is divided by 9.
7
Suppose -2*n - 33 = -5*v + 20, -n = -1. What is the remainder when 24 is divided by v?
2
Let j = 14 - 8. Calculate the remainder when 2/(-18) - (-138)/27 - -4 is divided by j.
3
Suppose -5*f + 2*d = -5 - 11, 2*f - 19 = 5*d. Suppose 5*m = -4*u + 39, 0 = 2*m + f*u + 4 - 18. Calculate the remainder when 20 is divided by m.
9
Let w(t) = 2*t**2 + 2*t - 7. Let f be w(-5). Suppose -x - 11 = -f. Suppose 240 = 3*m + 45. Calculate the remainder when m is divided by x.
21
Suppose 0*i = -i - 3, h = -5*i + 72. Calculate the remainder when h is divided by 30.
27
Suppose -2*p + 130 = -3*n, p - 4*p = -2*n - 190. Calculate the remainder when 929 is divided by p.
61
Let r be 1/2 + -5 + 5/10. Let q(v) = -4*v - 6. Calculate the remainder when 24 is divided by q(r).
4
Suppose -4*k + 5 = -0*l - l, 4*l = 3*k - 20. Suppose k = 6*d + 2 - 26. Calculate the remainder when 11 is divided by d.
3
Let v(f) = 150*f + 92. Calculate the remainder when v(16) is divided by 29.
27
Let a be (-56)/(-21) - (-4)/(-6). Let h(f) = 13*f + 3 - 2 - f**a - 6 + 10. What is the remainder when 11 is divided by h(13)?
1
Let b = -8 - -31. Let c be (-2)/8 + 15/12. Suppose 4*f - 49 + c = 0. Calculate the remainder when b is divided by f.
11
Let t(y) = 3*y + 5. Let h be t(0). Suppose -9 = -5*b + 4*b + h*u, 4*b = 2*u + 72. What is the remainder when b is divided by 10?
9
Let c(b) = -2*b**2 + 8*b - 2. Let s be c(4). Calculate the remainder when 2/s*124/(-2) - -2 is divided by 34.
30
Let j(s) = 3*s**3 + 12*s**2 - 13*s + 16. Calculate the remainder when 8 is divided by j(-5).
2
Suppose 34*z - 384 - 296 = 0. What is the remainder when 33 is divided by z?
13
Suppose -2*v = 2*v - 12. Suppose 0*a + v = a, 4*a - 22 = -5*d. Let x(w) = w**3 + 2*w**2 - 2*w - 1. Calculate the remainder when 19 is divided by x(d).
8
Let n(y) = y**2 - 16*y - 119. What is the remainder when n(25) is divided by 29?
19
Let t(l) = l + 9. Let n be t(-7). Let j = 10 + n. Suppose 0 = 10*a - 12*a + 10. Calculate the remainder when j is divided by a.
2
Suppose -1066 = -3*r + 5*i, -5*r + r = -4*i - 1424. Suppose 15*p - r = 8*p. What is the remainder when p is divided by 18?
15
Calculate the remainder when 61 is divided by ((-315)/140)/(4/(-32)).
7
Suppose -266*g + 160 = -256*g. What is the remainder when 329 is divided by g?
9
Let a = 197 + -170. What is the remainder when 121 is divided by a?
13
Let s = 15 + -10. Let z(j) = -j**2 + 5*j + 6. Calculate the remainder when z(s) is divided by 3.
0
Let u(o) = 6*o - 20. Let l be u(-8). Let s = -57 - l. What is the remainder when 42 is divided by s?
9
Suppose 49 = 3*o + 5*q, o - 15 = -0*o - 3*q. Let g = 3628 + -3575. What is the remainder when g is divided by o?
17
Calculate the remainder when ((6 - 3) + 9)/(6/159) is divided by 20.
18
Let t(i) = 2*i - 10. Calculate the remainder when 7 is divided by t(6).
1
Calculate the remainder when 487 is divided by (76/(-133) - (-17)/(-7)) + 52.
46
Let h = -673 - -691. Calculate the remainder when h is divided by 7.
4
Let c(d) = d**3 - 4*d**2 - d + 1. Let w be c(4). Calculate the remainder when 2/7 - 687/(-21) is divided by (w - (-4 + 4))*-3.
6
Let k = 64 + -37. Calculate the remainder when k is divided by 1 + ((-33)/88 - (-43)/8).
3
Suppose 34*d - 36 = 31*d. Let r = -35 - -56. Calculate the remainder when r is divided by d.
9
Suppose 31*f - 29*f = 2*b - 32, 2*b - 22 = -3*f. Calculate the remainder when 247 is divided by b.
9
What is the remainder when 1764/15 + 3/(-5) is divided by (-17 - -17) + 30/1?
27
Let l = -1584 + 1588. What is the remainder when 13 is divided by l?
1
Let c(h) = -3*h**2 - 8*h + 30. Let d(f) = -4*f**2 - 9*f + 30. Let v(q) = 5*c(q) - 4*d(q). What is the remainder when v(-9) is divided by 39?
30
Suppose 1941 = 25*d + 641. What is the remainder when d is divided by 36?
16
Suppose 693*j = 696*j - 66. What is the remainder when (1*-2)/((-2)/35) is divided by j?
13
Suppose 5*u - 8 = -3*l + 14, -u - 3*l = -14. Suppose -u*z = 4, z + 12 + 0 = n. What is the remainder when 37 is divided by n?
7
Let t(a) = 17*a**2 + 15*a - 7. What is the remainder when t(5) is divided by 62?
59
Let c(u) = 3*u - 28. Let g(d) = d. Let a(z) = c(z) + 4*g(z). What is the remainder when (2/(-3))/((-2)/36) is divided by a(5)?
5
Let a be -26 + 3/3*0. Suppose 2*u = 2*r - 28, r + 34 = 3*u - 6*u. What is the remainder when 18 is divided by (-264)/a - u/(-78)?
8
Suppose -5 + 12 = w - 2*v, 0 = -4*w - 5*v + 67. What is the remainder when 571 is divided by w?
12
Let v = -3 + 12. Suppose 6*q + 7 = 4*q - z, -5*q = 2*z + 16. Let j(b) = b**2 - 2*b - 2. What is the remainder when v is divided by j(q)?
3
Let x(v) = 29*v - 233. What is the remainder when 224 is divided by x(10)?
53
Let q(w) = 4*w**2 + 38*w + 119. What is the remainder when 140 is divided by q(-4)?
16
Suppose 4*v - 3*v - 10 = 0. Calculate the remainder when 36 is divided by v.
6
Let p(r) = -r. Let y be p(-1). What is the remainder when (7/((-49)/6))/(y/(-168)) is divided by 21?
18
Let x(p) = p + 1. Let f be x(2). Let i be f/7 + (-27)/63. Suppose 24 = n - 5*s, i = -3*n + 3*s - 12 + 96. What is the remainder when n is divided by 11?
7
Let m(d) be the first derivative of -21/2*d**2 - 4 + 0*d. Calculate the remainder when m(-1) is divided by 8.
5
Suppose -76 = y + 4*f, 3*f - 90 = 9*y - 8*y. Let g = 100 + y. Calc